. Suppose n = 14*o - 15*o + 50. List the prime factors of (-8 - o)*2/(-4).
29
Suppose 3*w - 4*l + 2754 = 5*w, w - 5*l - 1370 = 0. What are the prime factors of w?
5, 11
Let k be 85/4 - (-2)/(-8). Suppose j = 4*j - k. Let q(d) = -d**2 + 9*d - 10. What are the prime factors of q(j)?
2
What are the prime factors of (-141 + -4 + 3)*(-111)/6?
37, 71
List the prime factors of ((-84)/(-189) + (-142)/36)*-222.
3, 7, 37
Suppose 3*u = -2*o + 72, 2*u - 40 = -4*o + 16. Let j = 31 - u. Suppose -2*c - 28 = -z - 0, -3*c - j = 0. What are the prime factors of z?
2, 11
Let c be (-20)/(-28) - (-4)/14. Let m(p) = -42*p**2 - 2*p + 1. Let u be m(c). Let q = -1 - u. List the prime factors of q.
2, 3, 7
Suppose 0 = -2*d + 6*d - 8. Suppose -7 = 5*g - d. List the prime factors of 36 - (g + (3 - 1)).
5, 7
Let s = -249 + 356. Let b = s + -54. List the prime factors of b.
53
Let l be ((-1)/(-2))/(2/8). Let w be 55 - l - -2*1. Suppose -x = 5*c + x - 55, 5*x + w = 5*c. What are the prime factors of c?
11
Suppose -3*a = 3*b - 987, -2*b = -5*a - 600 + 2273. List the prime factors of a.
3, 37
Let o(h) be the second derivative of h**5/20 - h**4 - 11*h**3/6 - 3*h. Suppose 0 = -2*f + 5*l + 21, -3*l - 23 = f - 3*f. What are the prime factors of o(f)?
2, 13
Let k = -43 + 109. Let w = k + -30. List the prime factors of w.
2, 3
Suppose 0 = 6*j - j. Let d(y) = -y**3 + y**2 + 8 - 2*y + y + 2*y. What are the prime factors of d(j)?
2
Suppose -4*b + 2*b + 500 = 0. Suppose 5*k = -n + b, 250 = 5*k - 0*k + 2*n. Suppose 4*l = -l + k. List the prime factors of l.
2, 5
Suppose 10 = -10*q + 11*q. Suppose o - q = 15. List the prime factors of o.
5
Let x be (0 + (3 - 3))/(-2). Suppose x*k + 4*k = 80. Suppose q + q = -5*l + 71, -4*l = -k. List the prime factors of q.
23
Let l(g) = -g**3 + 3*g**2 + 12*g + 12. Let z = 60 - 64. List the prime factors of l(z).
2, 19
Let j = -433 - -472. What are the prime factors of j?
3, 13
Let x be 4/(-20)*1 + 172/10. Suppose m - 88 = -x. What are the prime factors of m?
71
Let q = -1036 + 2503. List the prime factors of q.
3, 163
Let s(n) = -n**2 - 2*n + 5. Let t be s(-4). Let q be (t/(-4))/(3/(-12)). List the prime factors of (12/(-15))/(q/150).
2, 5
Suppose 12*o = -8226 + 26262. List the prime factors of o.
3, 167
Let w(t) = 2*t**3 + 2*t**2 + t - 1. Let n be w(2). Let g = n - 17. Suppose -f + g = -0*f. List the prime factors of f.
2
Suppose -4*t = 4*g, 4*t - 10 = g - 3*g. What are the prime factors of (55/g)/((-4)/24)?
2, 3, 11
List the prime factors of (-3)/2*(-1264)/(-72)*-6.
2, 79
Suppose i = 4*g - 5, 4*g - 5*i - 2 = 7. What are the prime factors of (-1 - g)/((-6)/276)?
2, 23
Suppose -171*g + 169*g + 1728 = 0. List the prime factors of g.
2, 3
List the prime factors of -234*(6 + 7/(-1)).
2, 3, 13
Let s(g) = -2*g**2 - 3. Let n(d) = -d - 1. Let u(x) = -5*n(x) + s(x). Let h be u(4). Let j = 20 + h. What are the prime factors of j?
2, 5
Let u be (-4 - -7)/3*-44. Suppose -3*z - 233 = -35. Let m = u - z. What are the prime factors of m?
2, 11
Let u(n) = -55*n - 51. What are the prime factors of u(-14)?
719
Let d(x) = -x - 8. Let j be d(-6). Let r(m) = -3*m**3 - 1 - 2*m - 5 - m**2 + 0*m + 4. List the prime factors of r(j).
2, 11
Suppose 5*f + 0*q - 5*q - 8755 = 0, -3*f - 2*q + 5268 = 0. What are the prime factors of f?
2, 877
Let w(b) = -17*b - 319. List the prime factors of w(-47).
2, 3, 5
Let m = 20 + 8. Suppose 6*a - 2*a - m = 0. Let b(k) = k**2 - 3*k - 5. What are the prime factors of b(a)?
23
Suppose -5*l - 26 = -3*q, q - 5*l - 16 = 3*q. Let x be (q/(-4))/((-3)/12). Suppose -3*f + x*f = 3*k - 55, -2*f = -k + 23. List the prime factors of k.
19
Let p(k) = k**3 + 4*k**2 + 2*k + 2. Let g be ((0 - -22) + 1)*1. Suppose -w - 5*y - g = 0, -w - 4*y - 19 = -0*w. List the prime factors of p(w).
5
Suppose -34*x + 11329 = 41. What are the prime factors of x?
2, 83
Let u(g) = g**3 - 6*g**2 - 6*g + 3. Let t be u(7). Suppose 5*i + 102 = -3*z, 3*i - 6*i - 5*z - 58 = 0. Let j = t - i. What are the prime factors of j?
31
Let n(i) = -i**3 + 13*i**2 - 6*i - 6. Let k be n(9). Suppose -75 + k = q. List the prime factors of q.
3, 7
Let i = -13 - -21. Let r(f) = 2 + 3*f + i*f - 30*f. What are the prime factors of r(-2)?
2, 5
Let x be (-23)/2 + (-4)/(-8). Let o(c) be the third derivative of c**6/120 + c**5/6 - 13*c**4/24 + 2*c**2. List the prime factors of o(x).
2, 11
Suppose 48 = 3*c + 42. Suppose 2*a + 668 = 4*s - c*a, -2*s = 5*a - 341. List the prime factors of s.
2, 3, 7
Let o = -2313 + 4619. What are the prime factors of o?
2, 1153
Let t be 13394/12 + ((-296)/48 - -6). Suppose -i - 32 = 4*p - t, -2*p + i + 548 = 0. What are the prime factors of p?
2, 17
Suppose t - 250 = -f + 51, -3*t - 1473 = -5*f. List the prime factors of f.
3, 11
Let t be 3 + 7/(-3) + 2504/(-12). Let j = -6 - t. List the prime factors of j.
2, 101
Let h = -4859 - -8136. List the prime factors of h.
29, 113
Let a(s) = 2*s**2 + 11*s - 133. What are the prime factors of a(13)?
2, 3, 29
Let k(m) = m**3 + 8*m**2 + 3*m - 6. Let g be k(-5). Suppose -508*t + 502*t + 90 = 0. Suppose -s = -t - g. List the prime factors of s.
3, 23
Suppose -38 + 13 = 2*v - 5*w, 4*v + 14 = -2*w. Let x(j) = -6*j + 5 + j - 3 + j**2. What are the prime factors of x(v)?
2, 13
Let m(a) = -10*a**2 + a + 3. Let s be m(2). Let j = 38 - s. What are the prime factors of j?
73
Let f(y) = -4 + 5 - 8 - 3*y + 1. Let l be f(-4). Suppose 2*w - 12 = l*w, 2*v - 101 = -5*w. List the prime factors of v.
2, 29
Suppose 5*w = d + 3548, 2140 = 3*w + 3*d + 2*d. List the prime factors of w.
2, 5, 71
Let y = 73 + -103. Let z be 1198/10 - 6/y. Suppose -2*q - 3*q = -z. List the prime factors of q.
2, 3
Let y = 56 - 45. Suppose -y*j = -8*j - 390. What are the prime factors of j?
2, 5, 13
Let p(m) = 2*m - 1. Let g(c) = -c + 5. Let s be g(8). Let q be p(s). Let i(l) = l**3 + 7*l**2 - 3*l - 5. List the prime factors of i(q).
2
Suppose 3*s = -2*s + 25. Suppose -2*o + 5*q = 2*o + 60, -q = s*o + 75. What are the prime factors of (-2)/5 + (-366)/o?
2, 3
Let j = 14 + -12. Suppose -3*n = -2*n + f - 124, 8 = j*f. Suppose -o - n = -5*o. What are the prime factors of o?
2, 3, 5
Let t be (-8 + 1)/(9/18). Let s = t - -29. List the prime factors of 283/5 + s/(-25).
2, 7
Suppose 10*v - 9*v - 74 = 0. List the prime factors of v + (2 - (0 + 3)).
73
Let b = 3896 - 1380. List the prime factors of b.
2, 17, 37
Let z = 53 + -49. What are the prime factors of ((z - 0) + -1)*9?
3
Suppose -9*y = -3*y + 210. Let f = 64 + y. What are the prime factors of f?
29
Suppose -4*k - 127 = 3*u - 5, 5*u + 192 = -k. Let d = u + 24. Let g = d - -41. List the prime factors of g.
3
Let u = -180 + 1067. What are the prime factors of u?
887
Let y = 63 + -107. Let l = y + 52. List the prime factors of l.
2
Suppose 5*b - 3405 = 2*h, -2*b - 9*h = -12*h - 1362. List the prime factors of b.
3, 227
Let g(s) = -2*s + 2. Let i be g(-2). Suppose -5*x = -6*x - i. List the prime factors of 1235/25 - x/(-15).
7
Suppose 4*y + x = 3, 2*x - 4*x = -y + 12. Suppose 7*l = y*l + 25. Suppose -l*b + b = -36. What are the prime factors of b?
3
Let x(z) = -2*z + 13. Let w be x(7). List the prime factors of (-324)/(-4) - (-2)/((-1)/w).
83
Suppose 0 = -85*t + 27*t + 30856. List the prime factors of t.
2, 7, 19
Let q(t) = 2*t - 5. Let d be q(4). Suppose 233 = d*i + 59. Suppose -9 = -y + v + 22, -2*y + i = 2*v. What are the prime factors of y?
2, 3, 5
Suppose 48 = -0*l - 4*l. Let m be -3*1/(9/l). Suppose -98 = -m*n - j, n - 22 = j + 5. List the prime factors of n.
5
Let i = 116 + -1. Let a = -80 + i. What are the prime factors of 240/a*(3 + 4)?
2, 3
Let y(u) = -u**3 - 3*u**2 + 5*u - 6. Let x be y(-5). Suppose -b - 45 = 2*b - 3*v, -2*v + 10 = 0. Let c = b + x. What are the prime factors of c?
3
Let l be (-8)/(-5) - (-14)/35. Let t = 1 + l. List the prime factors of (4/t)/((-2)/(-24)).
2
Let s(m) = 19 + 4*m - 11*m**2 - 17 - 2*m. Let w be s(-2). Let d = w + 104. List the prime factors of d.
2, 29
Let x(z) = z**2 - 6*z + 2 + 9 + 0*z**2 - 3. Let v be x(5). List the prime factors of 4/(-2)*v/(-2).
3
Let o(b) = b**3 + 6*b**2 - 8*b + 2. Let c be o(-7). List the prime factors of (-174)/c*(-21)/2.
7, 29
Suppose 5*g - 20 = 5. Suppose n + 8 = g*n, -x + 4*n = -1. List the prime factors of x.
3
Let a be -15*(-2 - (-70)/21). Let b = -15 + 49. Let 